[INFO] cloning repository https://github.com/LAymeric/super-mastermind
[INFO] running `Command { std: "git" "-c" "credential.helper=" "-c" "credential.helper=/workspace/cargo-home/bin/git-credential-null" "clone" "--bare" "https://github.com/LAymeric/super-mastermind" "/workspace/cache/git-repos/https%3A%2F%2Fgithub.com%2FLAymeric%2Fsuper-mastermind", kill_on_drop: false }`
[INFO] [stderr] Cloning into bare repository '/workspace/cache/git-repos/https%3A%2F%2Fgithub.com%2FLAymeric%2Fsuper-mastermind'...
[INFO] running `Command { std: "git" "rev-parse" "HEAD", kill_on_drop: false }`
[INFO] [stdout] 97d362ec7507200dc34b169b66829d2d6c924178
[INFO] checking LAymeric/super-mastermind against master#e6e4f7ed1589e03bc2f6c5931c1a72e7947e8682 for beta-170-4
[INFO] running `Command { std: "git" "clone" "/workspace/cache/git-repos/https%3A%2F%2Fgithub.com%2FLAymeric%2Fsuper-mastermind" "/workspace/builds/worker-7-tc2/source", kill_on_drop: false }`
[INFO] [stderr] Cloning into '/workspace/builds/worker-7-tc2/source'...
[INFO] [stderr] done.
[INFO] validating manifest of git repo https://github.com/LAymeric/super-mastermind on toolchain e6e4f7ed1589e03bc2f6c5931c1a72e7947e8682
[INFO] running `Command { std: CARGO_HOME="/workspace/cargo-home" RUSTUP_HOME="/workspace/rustup-home" "/workspace/cargo-home/bin/cargo" "+e6e4f7ed1589e03bc2f6c5931c1a72e7947e8682" "metadata" "--manifest-path" "Cargo.toml" "--no-deps", kill_on_drop: false }`
[INFO] started tweaking git repo https://github.com/LAymeric/super-mastermind
[INFO] finished tweaking git repo https://github.com/LAymeric/super-mastermind
[INFO] tweaked toml for git repo https://github.com/LAymeric/super-mastermind written to /workspace/builds/worker-7-tc2/source/Cargo.toml
[INFO] crate git repo https://github.com/LAymeric/super-mastermind already has a lockfile, it will not be regenerated
[INFO] running `Command { std: CARGO_HOME="/workspace/cargo-home" RUSTUP_HOME="/workspace/rustup-home" "/workspace/cargo-home/bin/cargo" "+e6e4f7ed1589e03bc2f6c5931c1a72e7947e8682" "fetch" "--manifest-path" "Cargo.toml", kill_on_drop: false }`
[INFO] running `Command { std: "docker" "create" "-v" "/var/lib/crater-agent-workspace/builds/worker-7-tc2/target:/opt/rustwide/target:rw,Z" "-v" "/var/lib/crater-agent-workspace/builds/worker-7-tc2/source:/opt/rustwide/workdir:ro,Z" "-v" "/var/lib/crater-agent-workspace/cargo-home:/opt/rustwide/cargo-home:ro,Z" "-v" "/var/lib/crater-agent-workspace/rustup-home:/opt/rustwide/rustup-home:ro,Z" "-e" "SOURCE_DIR=/opt/rustwide/workdir" "-e" "CARGO_TARGET_DIR=/opt/rustwide/target" "-e" "CARGO_HOME=/opt/rustwide/cargo-home" "-e" "RUSTUP_HOME=/opt/rustwide/rustup-home" "-w" "/opt/rustwide/workdir" "-m" "1610612736" "--user" "0:0" "--network" "none" "ghcr.io/rust-lang/crates-build-env/linux@sha256:19e73879b68f455e41552ea35293514db52ea292d993f571636dbffedb77a1ee" "/opt/rustwide/cargo-home/bin/cargo" "+e6e4f7ed1589e03bc2f6c5931c1a72e7947e8682" "metadata" "--no-deps" "--format-version=1", kill_on_drop: false }`
[INFO] [stdout] 72a60fe0f6a3a4ce74e1a935b3c1cecac0b60c67446eaab5af60635b57215881
[INFO] running `Command { std: "docker" "start" "-a" "72a60fe0f6a3a4ce74e1a935b3c1cecac0b60c67446eaab5af60635b57215881", kill_on_drop: false }`
[INFO] running `Command { std: "docker" "inspect" "72a60fe0f6a3a4ce74e1a935b3c1cecac0b60c67446eaab5af60635b57215881", kill_on_drop: false }`
[INFO] running `Command { std: "docker" "rm" "-f" "72a60fe0f6a3a4ce74e1a935b3c1cecac0b60c67446eaab5af60635b57215881", kill_on_drop: false }`
[INFO] [stdout] 72a60fe0f6a3a4ce74e1a935b3c1cecac0b60c67446eaab5af60635b57215881
[INFO] running `Command { std: "docker" "create" "-v" "/var/lib/crater-agent-workspace/builds/worker-7-tc2/target:/opt/rustwide/target:rw,Z" "-v" "/var/lib/crater-agent-workspace/builds/worker-7-tc2/source:/opt/rustwide/workdir:ro,Z" "-v" "/var/lib/crater-agent-workspace/cargo-home:/opt/rustwide/cargo-home:ro,Z" "-v" "/var/lib/crater-agent-workspace/rustup-home:/opt/rustwide/rustup-home:ro,Z" "-e" "SOURCE_DIR=/opt/rustwide/workdir" "-e" "CARGO_TARGET_DIR=/opt/rustwide/target" "-e" "CARGO_INCREMENTAL=0" "-e" "RUST_BACKTRACE=full" "-e" "RUSTFLAGS=--cap-lints=forbid" "-e" "RUSTDOCFLAGS=--cap-lints=forbid" "-e" "CARGO_HOME=/opt/rustwide/cargo-home" "-e" "RUSTUP_HOME=/opt/rustwide/rustup-home" "-w" "/opt/rustwide/workdir" "-m" "1610612736" "--user" "0:0" "--network" "none" "ghcr.io/rust-lang/crates-build-env/linux@sha256:19e73879b68f455e41552ea35293514db52ea292d993f571636dbffedb77a1ee" "/opt/rustwide/cargo-home/bin/cargo" "+e6e4f7ed1589e03bc2f6c5931c1a72e7947e8682" "check" "--frozen" "--all" "--all-targets" "--message-format=json", kill_on_drop: false }`
[INFO] [stdout] a341639bc8d2007023de6c186c4f78370e91bea9385046277a87b83492bd92e1
[INFO] running `Command { std: "docker" "start" "-a" "a341639bc8d2007023de6c186c4f78370e91bea9385046277a87b83492bd92e1", kill_on_drop: false }`
[INFO] [stderr]    Compiling libc v0.2.94
[INFO] [stderr]    Compiling getrandom v0.2.2
[INFO] [stderr]     Checking ppv-lite86 v0.2.10
[INFO] [stderr]     Checking rand_core v0.6.2
[INFO] [stderr]     Checking rand_chacha v0.3.0
[INFO] [stderr]     Checking rand v0.8.3
[INFO] [stderr]     Checking super-mastermind v0.1.0 (/opt/rustwide/workdir)
[INFO] [stdout] error[E0425]: cannot find value `guess` in this scope
[INFO] [stdout]    --> src/main.rs:122:9
[INFO] [stdout]     |
[INFO] [stdout] 122 |         guess = match convert_string_to_guess_colors(input){
[INFO] [stdout]     |         ^^^^^
[INFO] [stdout]     |
[INFO] [stdout] help: you might have meant to introduce a new binding
[INFO] [stdout]     |
[INFO] [stdout] 122 |         let guess = match convert_string_to_guess_colors(input){
[INFO] [stdout]     |         +++
[INFO] [stdout] 
[INFO] [stdout] 
[INFO] [stdout] error[E0425]: cannot find value `guess` in this scope
[INFO] [stdout]    --> src/main.rs:133:28
[INFO] [stdout]     |
[INFO] [stdout] 133 |         fancy_print_guess(&guess);
[INFO] [stdout]     |                            ^^^^^ not found in this scope
[INFO] [stdout] 
[INFO] [stdout] 
[INFO] [stdout] error[E0425]: cannot find value `guess` in this scope
[INFO] [stdout]    --> src/main.rs:134:56
[INFO] [stdout]     |
[INFO] [stdout] 134 |         let well_placed = number_of_well_placed_pawns(&guess, &secret);
[INFO] [stdout]     |                                                        ^^^^^ not found in this scope
[INFO] [stdout] 
[INFO] [stdout] 
[INFO] [stdout] error[E0425]: cannot find value `guess` in this scope
[INFO] [stdout]    --> src/main.rs:135:64
[INFO] [stdout]     |
[INFO] [stdout] 135 |         let not_well_placed = number_of_not_well_placed_pawns(&guess, &secret);
[INFO] [stdout]     |                                                                ^^^^^ not found in this scope
[INFO] [stdout] 
[INFO] [stdout] 
[INFO] [stdout] warning: unused import: `Read`
[INFO] [stdout]  --> src/main.rs:2:21
[INFO] [stdout]   |
[INFO] [stdout] 2 | use std::io::{self, Read};
[INFO] [stdout]   |                     ^^^^
[INFO] [stdout]   |
[INFO] [stdout]   = note: `#[warn(unused_imports)]` on by default
[INFO] [stdout] 
[INFO] [stdout] 
[INFO] [stdout] warning: unnecessary parentheses around `for` iterator expression
[INFO] [stdout]   --> src/main.rs:40:14
[INFO] [stdout]    |
[INFO] [stdout] 40 |     for n in (1..6) {
[INFO] [stdout]    |              ^    ^
[INFO] [stdout]    |
[INFO] [stdout]    = note: `#[warn(unused_parens)]` on by default
[INFO] [stdout] help: remove these parentheses
[INFO] [stdout]    |
[INFO] [stdout] 40 -     for n in (1..6) {
[INFO] [stdout] 40 +     for n in 1..6 {
[INFO] [stdout]    |
[INFO] [stdout] 
[INFO] [stdout] 
[INFO] [stdout] error[E0425]: cannot find value `guess` in this scope
[INFO] [stdout]    --> src/main.rs:122:9
[INFO] [stdout]     |
[INFO] [stdout] 122 |         guess = match convert_string_to_guess_colors(input){
[INFO] [stdout]     |         ^^^^^
[INFO] [stdout]     |
[INFO] [stdout] help: you might have meant to introduce a new binding
[INFO] [stdout]     |
[INFO] [stdout] 122 |         let guess = match convert_string_to_guess_colors(input){
[INFO] [stdout]     |         +++
[INFO] [stdout] 
[INFO] [stdout] 
[INFO] [stdout] error[E0425]: cannot find value `guess` in this scope
[INFO] [stdout]    --> src/main.rs:133:28
[INFO] [stdout]     |
[INFO] [stdout] 133 |         fancy_print_guess(&guess);
[INFO] [stdout]     |                            ^^^^^ not found in this scope
[INFO] [stdout] 
[INFO] [stdout] 
[INFO] [stdout] error[E0425]: cannot find value `guess` in this scope
[INFO] [stdout]    --> src/main.rs:134:56
[INFO] [stdout]     |
[INFO] [stdout] 134 |         let well_placed = number_of_well_placed_pawns(&guess, &secret);
[INFO] [stdout]     |                                                        ^^^^^ not found in this scope
[INFO] [stdout] 
[INFO] [stdout] 
[INFO] [stdout] error[E0425]: cannot find value `guess` in this scope
[INFO] [stdout]    --> src/main.rs:135:64
[INFO] [stdout]     |
[INFO] [stdout] 135 |         let not_well_placed = number_of_not_well_placed_pawns(&guess, &secret);
[INFO] [stdout]     |                                                                ^^^^^ not found in this scope
[INFO] [stdout] 
[INFO] [stdout] 
[INFO] [stdout] warning: unused import: `Read`
[INFO] [stdout]  --> src/main.rs:2:21
[INFO] [stdout]   |
[INFO] [stdout] 2 | use std::io::{self, Read};
[INFO] [stdout]   |                     ^^^^
[INFO] [stdout]   |
[INFO] [stdout]   = note: `#[warn(unused_imports)]` on by default
[INFO] [stdout] 
[INFO] [stdout] 
[INFO] [stdout] warning: unnecessary parentheses around `for` iterator expression
[INFO] [stdout]   --> src/main.rs:40:14
[INFO] [stdout]    |
[INFO] [stdout] 40 |     for n in (1..6) {
[INFO] [stdout]    |              ^    ^
[INFO] [stdout]    |
[INFO] [stdout]    = note: `#[warn(unused_parens)]` on by default
[INFO] [stdout] help: remove these parentheses
[INFO] [stdout]    |
[INFO] [stdout] 40 -     for n in (1..6) {
[INFO] [stdout] 40 +     for n in 1..6 {
[INFO] [stdout]    |
[INFO] [stdout] 
[INFO] [stdout] 
[INFO] [stdout] error: aborting due to 4 previous errors; 2 warnings emitted
[INFO] [stdout] 
[INFO] [stdout] 
[INFO] [stdout] For more information about this error, try `rustc --explain E0425`.
[INFO] [stdout] 
[INFO] [stderr] error: could not compile `super-mastermind` (bin "super-mastermind" test) due to 5 previous errors; 2 warnings emitted
[INFO] [stdout] error: aborting due to 4 previous errors; 2 warnings emitted
[INFO] [stdout] 
[INFO] [stdout] 
[INFO] [stderr] warning: build failed, waiting for other jobs to finish...
[INFO] [stdout] For more information about this error, try `rustc --explain E0425`.
[INFO] [stdout] 
[INFO] [stderr] error: could not compile `super-mastermind` (bin "super-mastermind") due to 5 previous errors; 2 warnings emitted
[INFO] running `Command { std: "docker" "inspect" "a341639bc8d2007023de6c186c4f78370e91bea9385046277a87b83492bd92e1", kill_on_drop: false }`
[INFO] running `Command { std: "docker" "rm" "-f" "a341639bc8d2007023de6c186c4f78370e91bea9385046277a87b83492bd92e1", kill_on_drop: false }`
[INFO] [stdout] a341639bc8d2007023de6c186c4f78370e91bea9385046277a87b83492bd92e1
